{"id":2083,"date":"2018-05-03T18:14:26","date_gmt":"2018-05-03T16:14:26","guid":{"rendered":"https:\/\/www.wspl.bielsko.pl\/?page_id=2083"},"modified":"2024-03-19T14:13:28","modified_gmt":"2024-03-19T13:13:28","slug":"kontakt","status":"publish","type":"page","link":"https:\/\/www.wspl.bielsko.pl\/site\/kontakt\/","title":{"rendered":"Kontakt"},"content":{"rendered":"<div class=\"wpb-content-wrapper\">[vc_row css=\u201d.vc_custom_1529658466801{margin-top: -277px !important;}\u201d][vc_column][vc_row_inner gap=\u201d10\u2033][vc_column_inner width=\u201d1\/3\u2033][ucaddon_uc_image_link_carousel_content title=\u201dNasze poradnie\u201d image=\u201d1885\u2033 btn_text=\u201dLekarze \u2192\u201d btn_bg_color=\u201d#2394f0\u2033 title_color=\u201d#2394f0\u2033 content_color=\u201d#666666\u2033 link=\u201d\/site\/\u201d uc_fonts_data=\u201dJTdCJTIydGl0bGUlMjIlM0ElN0IlMjJmb250LWZhbWlseSUyMiUzQSUyMlJvYm90byUyMiUyQyUyMmZvbnQtd2VpZ2h0JTIyJTNBJTIyNjAwJTIyJTJDJTIyZm9udC1zaXplJTIyJTNBJTIyMjBweCUyMiU3RCUyQyUyMmJ0bl90ZXh0JTIyJTNBJTdCJTIyZm9udC1mYW1pbHklMjIlM0ElMjJSb2JvdG8lMjIlN0QlN0Q=\u201d]Lekarze specjali\u015bci r\u00f3\u017cnych dziedzin medycyny w ramach umowy zawartej przez Przychodni\u0119 z Narodowym Funduszem Zdrowia udzielaj\u0105 \u015bwiadcze\u0144 w poradniach specjalistycznych.[\/ucaddon_uc_image_link_carousel_content][\/vc_column_inner][vc_column_inner width=\u201d1\/3\u2033][ucaddon_uc_image_link_carousel_content title=\u201dGodziny pracy\u201d image=\u201d1886\u2033 btn_text=\u201dZobacz \u2192\u201d btn_bg_color=\u201d#016bc1\u2033 title_color=\u201d#016bc1\u2033 content_color=\u201d#666666\u2033 link=\u201d\/site\/poz#page\u201d uc_fonts_data=\u201dJTdCJTIydGl0bGUlMjIlM0ElN0IlMjJmb250LWZhbWlseSUyMiUzQSUyMlJvYm90byUyMiUyQyUyMmZvbnQtd2VpZ2h0JTIyJTNBJTIyNjAwJTIyJTJDJTIyZm9udC1zaXplJTIyJTNBJTIyMjBweCUyMiU3RCUyQyUyMmJ0bl90ZXh0JTIyJTNBJTdCJTIyZm9udC1mYW1pbHklMjIlM0ElMjJSb2JvdG8lMjIlN0QlN0Q=\u201d]\u015awiadczymy us\u0142ugi zdrowotne z zakresu: podstawowej opieki zdrowotnej w zakresie porad zdrowotnych, profilaktyki, leczenia i opieki nad dzie\u0107mi i doros\u0142ymi. Posiadamy kontrakt z NFZ.<br \/>\n[\/ucaddon_uc_image_link_carousel_content][\/vc_column_inner][vc_column_inner width=\u201d1\/3\u2033][ucaddon_uc_image_link_carousel_content title=\u201dO nas\u201d image=\u201d1887\u2033 btn_text=\u201dWi\u0119cej \u2192\u201d btn_bg_color=\u201d#044f8b\u201d title_color=\u201d#044f8b\u201d content_color=\u201d#666666\u2033 link=\u201d\/site\/o-nas#page\u201d uc_fonts_data=\u201dJTdCJTIydGl0bGUlMjIlM0ElN0IlMjJmb250LWZhbWlseSUyMiUzQSUyMlJvYm90byUyMiUyQyUyMmZvbnQtd2VpZ2h0JTIyJTNBJTIyNjAwJTIyJTJDJTIyZm9udC1zaXplJTIyJTNBJTIyMjBweCUyMiU3RCUyQyUyMmJ0bl90ZXh0JTIyJTNBJTdCJTIyZm9udC1mYW1pbHklMjIlM0ElMjJSb2JvdG8lMjIlN0QlN0Q=\u201d]POZ jest kom\u00f3rk\u0105 organizacyjn\u0105 pierwszego kontaktu, przyjmuj\u0105c\u0105 nieodp\u0142atnie pacjent\u00f3w ubezpieczonych: mundurowych oraz osoby cywile, na takich samych zasadach.[\/ucaddon_uc_image_link_carousel_content][\/vc_column_inner][\/vc_row_inner][\/vc_column][\/vc_row][vc_row css=\u201d.vc_custom_1525773188620{margin-bottom: 35px !important;padding-bottom: 0px !important;}\u201d][vc_column width=\u201d2\/3\u2033 css=\u201d.vc_custom_1525767057164{padding-right: 45px !important;padding-left: 15px !important;}\u201d]<!-- Breadcrumbs --><div class=\"breadcrumbs\" id=\"page\"><div class=\"container\"><span class=\"parent\"><a href=\"https:\/\/www.wspl.bielsko.pl\/site\/\">Strona g\u0142\u00f3wna<\/a><\/span><span class=\"child\">Strona<\/span><\/div><\/div>[vc_empty_space][vc_custom_heading text=\u201dInformacje kontaktowe\u201d font_container=\u201dtag:h1|text_align:left\u201d use_theme_fonts=\u201dyes\u201d css=\u201d.vc_custom_1532342769595{margin-top: 0px !important;padding-top: 0px !important;}\u201d][vc_separator color=\u201dcustom\u201d align=\u201dalign_left\u201d border_width=\u201d2\u2033 el_width=\u201d20\u2033 css=\u201d.vc_custom_1528202383020{margin-top: 25px !important;margin-bottom: 50px !important;}\u201d accent_color=\u201d#2394f0\u2033][vc_column_text]Wojskowa Specjalistyczna Przychodnia lekarska<br \/>\nSamodzielny Publiczny Zak\u0142ad Opieki Zdrowotnej<\/p>\n<p>Nazwa skr\u00f3cona<br \/>\nWSPL SPZOZ BIELSKO BIA\u0141A<\/p>\n<p>Adres:<br \/>\nul. Willowa 2A, 43-309 Bielsko-Bia\u0142a<br \/>\n<a href=\"mailto:sekretariat@wspl.bielsko.pl\">sekretariat@wspl.bielsko.pl<\/a><br \/>\nNIP: 547 18 43 060<br \/>\nREGON: 070432469<br \/>\nKRS: 0000178525<\/p>\n<p><strong>Rejestracja og\u00f3lna:<\/strong><br \/>\ntel. (33) 8210229 wew. 222 lub 223<br \/>\nemail: <a href=\"mailto:rejestracja@wspl.bielsko.pl\">rejestracja@wspl.bielsko.pl<\/a><\/p>\n<p><strong>Pracownia RTG i fizjoterapia:<\/strong><br \/>\nkom. 604 649 211<br \/>\nemail: <a href=\"mailto:fizjoterapia@wspl.bielsko.pl,\">fizjoterapia@wspl.bielsko.pl<\/a><\/p>\n<p><strong>Ginekologia \u2013 po\u0142o\u017cna:<\/strong><br \/>\ntel. (33) 8210229 wew. 119<\/p>\n<p><strong>Sekretariat:<\/strong><br \/>\ntel. (33) 8210229 wew. 209<br \/>\nfax: (33) 8219047<br \/>\nemial:<a href=\"mailto:sekretariat@wspl.bielsko.pl\"> sekretariat@wspl.bielsko.pl<\/a><\/p>\n<p><strong>Ksi\u0119gowo\u015b\u0107:<\/strong><br \/>\ntel. (33) 8210229, wew. 101<br \/>\nemail: <a href=\"mailto:ksiegowosc@wspl.bielsko.pl\">ksiegowosc@wspl.bielsko.pl<\/a>[\/vc_column_text][vc_custom_heading text=\u201dLokalizacja\u201d font_container=\u201dtag:h3|text_align:left\u201d use_theme_fonts=\u201dyes\u201d css=\u201d.vc_custom_1532514554764{margin-top: 0px !important;padding-top: 0px !important;}\u201d][vc_separator color=\u201dcustom\u201d align=\u201dalign_left\u201d border_width=\u201d2\u2033 el_width=\u201d20\u2033 css=\u201d.vc_custom_1528202383020{margin-top: 25px !important;margin-bottom: 50px !important;}\u201d accent_color=\u201d#2394f0\u2033][vc_column_text]<iframe loading=\"lazy\" style=\"border: 0;\" src=\"https:\/\/www.google.com\/maps\/embed?pb=!1m18!1m12!1m3!1d1288.060352323651!2d19.05921550064593!3d49.78379499817826!2m3!1f0!2f0!3f0!3m2!1i1024!2i768!4f13.1!3m3!1m2!1s0x47169fc0a788768d%3A0x51cb4c0e2bef4997!2sPODSTAWOWA+OPIEKA+ZDROWOTNA+WSPL-SP+ZOZ+BIELSKO-BIA%C5%81A!5e0!3m2!1spl!2spl!4v1532514351251\" width=\"100%\" height=\"350\" frameborder=\"0\" allowfullscreen=\"allowfullscreen\"><\/iframe>[\/vc_column_text][vc_custom_heading text=\u201dPoradnie w strukturach przychodni\u201d font_container=\u201dtag:h3|text_align:left\u201d use_theme_fonts=\u201dyes\u201d css=\u201d.vc_custom_1532514777925{margin-top: 0px !important;padding-top: 0px !important;}\u201d][vc_separator color=\u201dcustom\u201d align=\u201dalign_left\u201d border_width=\u201d2\u2033 el_width=\u201d20\u2033 css=\u201d.vc_custom_1528202383020{margin-top: 25px !important;margin-bottom: 50px !important;}\u201d accent_color=\u201d#2394f0\u2033][vc_column_text]<strong>Podstawowa Opieka Zdrowotna \u2013 lekarz rodzinny \u2013 pierwszego kontaktu<\/strong><br \/>\nPoradnie czynne od 08:00 do 18:00<br \/>\nPrzyjmuj\u0105:<br \/>\ndr n. med. Urszula Dr\u0105\u017ckiewicz<br \/>\ndr n. med. Iwona Petrulewicz-Salamon<br \/>\nlek. med. rodz. Beata La\u0144ska-Zaporowska<br \/>\nlek. med. Lilia P\u0142aza<br \/>\nlek .med. Magdalena Marcak<\/p>\n<p><strong>Ambulatoryjna Opieka Specjalistyczna \u2013 kontrakty z NFZ<\/strong><br \/>\nPoradnia Diabetologiczna oraz porady dietetyczne: dr n. med. Iwona Petrulewicz-Salamon<br \/>\nPoradnia Chirurgii Urazowo-Ortopedycznej: lek. spec. Roman Gulewicz, lek. spec. Antoni Kozik<br \/>\nPoradnia Ginekologiczno-Po\u0142o\u017cnicza: lek. med. Dorota Wendlandt<br \/>\nPoradnia Neurologiczna: lek. spec. Ewa Opala<br \/>\nPoradnia Otolaryngologiczna: lek. spec. Wojciech W\u0105drzyk, lek. med. Marek Piekarski<br \/>\nPoradnia Okulistyczna: lek spec. lek. spec. Gra\u017cyna Tyszkiewicz, lek. specj. Edyta Jafernik-Stachura<br \/>\nPoradnia Rehabilitacji: lek. spec. Roman Tworek, lek. spec. rehab. Marek Mleczko<\/p>\n<p><strong>Pracownie diagnostyczne :<\/strong><br \/>\nPracownia Audiometryczna<br \/>\nPracownia Radiologiczna (cyfrowy aparat RTG )<br \/>\nBadanie na ol\u015bnienie i widzenie zmierzchowe<br \/>\nPracownia USG (r\u00f3wnie\u017c USG metod\u0105 Dopplera)<br \/>\nGabinet EKG<br \/>\nPunkt szczepie\u0144<br \/>\nPracownia Fizjoterapii[\/vc_column_text][vc_custom_heading text=\u201dPonadto \u015bwiadczymy us\u0142ugi w zakresie\u201d font_container=\u201dtag:h3|text_align:left\u201d use_theme_fonts=\u201dyes\u201d css=\u201d.vc_custom_1532511489375{margin-top: 0px !important;padding-top: 0px !important;}\u201d][vc_separator color=\u201dcustom\u201d align=\u201dalign_left\u201d border_width=\u201d2\u2033 el_width=\u201d20\u2033 css=\u201d.vc_custom_1528202383020{margin-top: 25px !important;margin-bottom: 50px !important;}\u201d accent_color=\u201d#2394f0\u2033][vc_column_text]<strong>Poradnia medycyny pracy:<\/strong><br \/>\n\u2013 badania wst\u0119pne, okresowe, kontrolne<br \/>\n\u2013 badania sanitarno-epidemiologiczne<br \/>\n\u2013 badania dla student\u00f3w i uczni\u00f3w<br \/>\n\u2013 badania dla kierowc\u00f3w<\/p>\n<p>Dodatkowo poradnia medycyny pracy oferuje:<br \/>\n\u2013 badania os\u00f3b ubiegaj\u0105cych si\u0119 lub posiadaj\u0105cych pozwolenie na bro\u0144;<br \/>\n\u2013 badania os\u00f3b ubiegaj\u0105cych si\u0119 lub posiadaj\u0105cych licencj\u0119 pracownika ochrony fizycznej;<br \/>\n\u2013 badania os\u00f3b ubiegaj\u0105cych si\u0119 lub posiadaj\u0105cych licencj\u0119 detektywa;<br \/>\n\u2013 badanie os\u00f3b ubiegaj\u0105cych si\u0119 o obj\u0119cie urz\u0119du s\u0119dziowskiego;<br \/>\n\u2013 badania os\u00f3b bezpo\u015brednio zatrudnionych przy wytwarzaniu, obrocie materia\u0142\u00f3w wybuchowych, broni, amunicji oraz wyrob\u00f3w o przeznaczeniu wojskowym, policyjnym lub cywilnym;<br \/>\n\u2013 badania dla stra\u017cnik\u00f3w miejskich i gminnych.<\/p>\n<p><strong>Kontakt: (33) 8210229 wew. 209<\/strong>[\/vc_column_text][\/vc_column][vc_column width=\u201d1\/3\u2033][vc_single_image image=\u201d3312\u2033 img_size=\u201dfull\u201d alignment=\u201dcenter\u201d onclick=\u201dcustom_link\u201d link=\u201dhttps:\/\/www.gov.pl\/web\/szczepimysie\u201d css=\u201d.vc_custom_1611408876792{margin-top: 0px !important;margin-right: 0px !important;margin-bottom: 0px !important;margin-left: 5px !important;padding-top: 0px !important;padding-right: 0px !important;padding-bottom: 0px !important;padding-left: 0px !important;}\u201d][vc_empty_space][vc_row_inner css=\u201d.vc_custom_1528357380969{margin-right: 0px !important;padding-top: 10px !important;padding-bottom: 0px !important;background-color: #044f8b !important;}\u201d el_class=\u201dmodule-hours\u201d][vc_column_inner css=\u201d.vc_custom_1528353249310{padding: 25px !important;}\u201d][vc_icon type=\u201dmaterial\u201d icon_material=\u201dvc-material vc-material-schedule\u201d color=\u201dwhite\u201d size=\u201dlg\u201d][vc_column_text css=\u201d.vc_custom_1528357534758{margin-bottom: 0px !important;padding-bottom: 10px !important;}\u201d]Przychodnia czynna:<br \/>\nod poniedzia\u0142ku do pi\u0105tku<br \/>\nw godzinach: 7.30 \u2013 18:.00<\/p>\n<p>Rejestracja telefoniczna pacjent\u00f3w do lekarza poz i poradni specjalistycznych od poniedzia\u0142ku do pi\u0105tku w godzinach: 8.00- 17.00<\/p>\n<p><a class=\"btn-rej\" href=\"https:\/\/pacjent-erejestracja.ezdrowie.ron.mil.pl\/services\/portal\/\">e-Rejestracja \u2192<\/a>[\/vc_column_text][\/vc_column_inner][\/vc_row_inner]<div class=\"publication-downloads\">\n                    <h2 class=\"publish\">Dokumenty do pobrania<\/h2><div class=\"download-file\">\n                        <a href=\"https:\/\/www.wspl.bielsko.pl\/?offshore_dl=3433\" class=\"offshore-download\"><i class=\"fa \" style=\"margin-right:5px;\" aria-hidden=\"true\"><\/i>Kwestionariusz kwalifikacyjny<span>581.30 KB<\/span><\/a>\n                    <\/div>\n                    <ul class=\"download-list list-unstyled\">\n                        \n                    <\/ul>\n                <\/div><div class=\"publication-downloads\">\n                    <div class=\"download-file\">\n                        <a href=\"https:\/\/www.wspl.bielsko.pl\/?offshore_dl=2011\" class=\"offshore-download\"><i class=\"fa \" style=\"margin-right:5px;\" aria-hidden=\"true\"><\/i>O\u015bwiadczenia<span>78.18 KB<\/span><\/a>\n                    <\/div>\n                    <ul class=\"download-list list-unstyled\">\n                        \n                    <\/ul>\n                <\/div><div class=\"publication-downloads\">\n                    <div class=\"download-file\">\n                        <a href=\"https:\/\/www.wspl.bielsko.pl\/?offshore_dl=2010\" class=\"offshore-download\"><i class=\"fa \" style=\"margin-right:5px;\" aria-hidden=\"true\"><\/i>Deklaracja wyboru - POZ<span>228.57 KB<\/span><\/a>\n                    <\/div>\n                    <ul class=\"download-list list-unstyled\">\n                        \n                    <\/ul>\n                <\/div><div class=\"publication-downloads\">\n                    <div class=\"download-file\">\n                        <a href=\"https:\/\/www.wspl.bielsko.pl\/?offshore_dl=2009\" class=\"offshore-download\"><i class=\"fa \" style=\"margin-right:5px;\" aria-hidden=\"true\"><\/i>Deklaracja wyboru - piel\u0119gniarka<span>190.41 KB<\/span><\/a>\n                    <\/div>\n                    <ul class=\"download-list list-unstyled\">\n                        \n                    <\/ul>\n                <\/div><div class=\"publication-downloads\">\n                    <div class=\"download-file\">\n                        <a href=\"https:\/\/www.wspl.bielsko.pl\/?offshore_dl=2008\" class=\"offshore-download\"><i class=\"fa \" style=\"margin-right:5px;\" aria-hidden=\"true\"><\/i>Deklaracja wyboru - po\u0142o\u017cna<span>190.90 KB<\/span><\/a>\n                    <\/div>\n                    <ul class=\"download-list list-unstyled\">\n                        \n                    <\/ul>\n                <\/div>[vc_empty_space][vc_column_text css=\u201d.vc_custom_1532608782865{padding-top: 35px !important;padding-right: 35px !important;padding-bottom: 1px !important;padding-left: 35px !important;background-color: #ffffff !important;}\u201d el_class=\u201dmodule-post\u201d]\n\n<div class=\"su-posts su-posts-default-loop \">\n\n\t\n\t\t\t\t\t\n\t\t\t\n\t\t\t<div id=\"su-post-10289\" class=\"su-post \">\n\n\t\t\t\t\n\t\t\t\t<h2 class=\"su-post-title\"><a href=\"https:\/\/www.wspl.bielsko.pl\/site\/dni-zdrowia-15052026\/\">Zapraszamy na Dni Zdrowia<\/a><\/h2>\n\n\t\t\t\t<div class=\"su-post-meta\">\n\t\t\t\t\tOpublikowano: 15 maja 2026\t\t\t\t<\/div>\n\n\t\t\t\t<div class=\"su-post-excerpt\">\n\t\t\t\t\t<p>Zapytanie ofertowe na \u201eModernizacj\u0119 rejestracji\u201d budynku g\u0142\u00f3wnego w Wojskowej Specjalistycznej Przychodni Lekarskiej SPZOZ w BielskuBia\u0142ej<\/p>\n\t\t\t\t<\/div>\n\n\t\t\t\t\n\t\t\t<\/div>\n\n\t\t\t\t\t\n\t\t\t\n\t\t\t<div id=\"su-post-10183\" class=\"su-post \">\n\n\t\t\t\t\n\t\t\t\t<h2 class=\"su-post-title\"><a href=\"https:\/\/www.wspl.bielsko.pl\/site\/oferta-pracy-12052026\/\">Oferta pracy w WSPL<\/a><\/h2>\n\n\t\t\t\t<div class=\"su-post-meta\">\n\t\t\t\t\tOpublikowano: 12 maja 2026\t\t\t\t<\/div>\n\n\t\t\t\t<div class=\"su-post-excerpt\">\n\t\t\t\t\t<p>Dyrektor Wojskowej Specjalistycznej przychodni w Bielsku-Bia\u0142ej poszukuje osoby do utrzymania czysto\u015bci w WSPL SPZOZ Bielsko- Bia\u0142a \u00a0ul. Willowa 2a<\/p>\n\t\t\t\t<\/div>\n\n\t\t\t\t\n\t\t\t<\/div>\n\n\t\t\t\t\t\n\t\t\t\n\t\t\t<div id=\"su-post-10076\" class=\"su-post \">\n\n\t\t\t\t\n\t\t\t\t<h2 class=\"su-post-title\"><a href=\"https:\/\/www.wspl.bielsko.pl\/site\/zaproszenie-do-skladania-ofert-27042026\/\">Zaproszenie do sk\u0142adania ofert<\/a><\/h2>\n\n\t\t\t\t<div class=\"su-post-meta\">\n\t\t\t\t\tOpublikowano: 27 kwietnia 2026\t\t\t\t<\/div>\n\n\t\t\t\t<div class=\"su-post-excerpt\">\n\t\t\t\t\t<p>Zapytanie ofertowe na \u201eModernizacj\u0119 rejestracji\u201d budynku g\u0142\u00f3wnego w Wojskowej Specjalistycznej Przychodni Lekarskiej SPZOZ w BielskuBia\u0142ej<\/p>\n\t\t\t\t<\/div>\n\n\t\t\t\t\n\t\t\t<\/div>\n\n\t\t\t\t\t\n\t\t\t\n\t\t\t<div id=\"su-post-9997\" class=\"su-post \">\n\n\t\t\t\t\n\t\t\t\t<h2 class=\"su-post-title\"><a href=\"https:\/\/www.wspl.bielsko.pl\/site\/poszukujemy-specjalisty-ds-zamowien-publicznych\/\">Poszukujemy specjalisty ds. zam\u00f3wie\u0144 publicznych do wsp\u00f3\u0142pracy przy przetargu na aparatur\u0119 medyczn\u0105<\/a><\/h2>\n\n\t\t\t\t<div class=\"su-post-meta\">\n\t\t\t\t\tOpublikowano: 24 kwietnia 2026\t\t\t\t<\/div>\n\n\t\t\t\t<div class=\"su-post-excerpt\">\n\t\t\t\t\t<p>WSPL SPZOZ poszukuje os\u00f3b ch\u0119tnych do podj\u0119cia wsp\u00f3\u0142pracy w celu pomocy przy przeprowadzeniu przetargu nieograniczonego na zakup aparatury medycznej.<\/p>\n\t\t\t\t<\/div>\n\n\t\t\t\t\n\t\t\t<\/div>\n\n\t\t\t\t\t\n\t\t\t\n\t\t\t<div id=\"su-post-9951\" class=\"su-post \">\n\n\t\t\t\t\n\t\t\t\t<h2 class=\"su-post-title\"><a href=\"https:\/\/www.wspl.bielsko.pl\/site\/moje-zdrowie-w-poz-09042026\/\">Moje Zdrowie w POZ<\/a><\/h2>\n\n\t\t\t\t<div class=\"su-post-meta\">\n\t\t\t\t\tOpublikowano: 8 kwietnia 2026\t\t\t\t<\/div>\n\n\t\t\t\t<div class=\"su-post-excerpt\">\n\t\t\t\t\t<p>\u201eMoje Zdrowie\u201d to nowy, kompleksowy program profilaktyczny Ministerstwa Zdrowia, kt\u00f3ry od maja 2025 roku zast\u0105pi\u0142 program \u201eProfilaktyka 40 Plus\u201d. Jego celem jest wczesne wykrycie chor\u00f3b cywilizacyjnych i wypracowanie u pacjent\u00f3w nawyku regularnego dbania o zdrowie.<\/p>\n\t\t\t\t<\/div>\n\n\t\t\t\t\n\t\t\t<\/div>\n\n\t\t\n\t\n<\/div>\n[\/vc_column_text][vc_images_carousel images=\u201d3111,3110\u2033 img_size=\u201d350\u00d7500\u2033 autoplay=\u201dyes\u201d css=\u201d.vc_custom_1693292833447{margin-left: 10px !important;}\u201d][\/vc_column][\/vc_row]\n<\/div>","protected":false},"excerpt":{"rendered":"<p>[vc_row css=\u201d.vc_custom_1529658466801{margin-top: -277px !important;}\u201d][vc_column][vc_row_inner gap=\u201d10\u2033][vc_column_inner width=\u201d1\/3\u2033][ucaddon_uc_image_link_carousel_content title=\u201dNasze poradnie\u201d image=\u201d1885\u2033 btn_text=\u201dLekarze \u2192\u201d btn_bg_color=\u201d#2394f0\u2033 title_color=\u201d#2394f0\u2033 content_color=\u201d#666666\u2033 link=\u201d\/site\/\u201d [&hellip;]<\/p>\n","protected":false},"author":1,"featured_media":0,"parent":0,"menu_order":0,"comment_status":"closed","ping_status":"closed","template":"","meta":{"footnotes":""},"class_list":["post-2083","page","type-page","status-publish","hentry"],"_links":{"self":[{"href":"https:\/\/www.wspl.bielsko.pl\/site\/wp-json\/wp\/v2\/pages\/2083","targetHints":{"allow":["GET"]}}],"collection":[{"href":"https:\/\/www.wspl.bielsko.pl\/site\/wp-json\/wp\/v2\/pages"}],"about":[{"href":"https:\/\/www.wspl.bielsko.pl\/site\/wp-json\/wp\/v2\/types\/page"}],"author":[{"embeddable":true,"href":"https:\/\/www.wspl.bielsko.pl\/site\/wp-json\/wp\/v2\/users\/1"}],"replies":[{"embeddable":true,"href":"https:\/\/www.wspl.bielsko.pl\/site\/wp-json\/wp\/v2\/comments?post=2083"}],"version-history":[{"count":51,"href":"https:\/\/www.wspl.bielsko.pl\/site\/wp-json\/wp\/v2\/pages\/2083\/revisions"}],"predecessor-version":[{"id":7211,"href":"https:\/\/www.wspl.bielsko.pl\/site\/wp-json\/wp\/v2\/pages\/2083\/revisions\/7211"}],"wp:attachment":[{"href":"https:\/\/www.wspl.bielsko.pl\/site\/wp-json\/wp\/v2\/media?parent=2083"}],"curies":[{"name":"wp","href":"https:\/\/api.w.org\/{rel}","templated":true}]}}